be ((-8)/6)/((-5)/(-15)). What is p(k)?
4
Let z(h) = 4*h**2 - 1 - 4*h - 5 - 3*h**2 - 1. Suppose 3*p + 12 = 5*p. Calculate z(p).
5
Let y(p) = 2*p**2 + p - 1. Let m = 52 + -54. Give y(m).
5
Let y(i) = -2*i - 1. Let s be ((-9)/(-3))/(-3)*0. Suppose l = -s*l - 1. Calculate y(l).
1
Let d(z) = -3. Suppose -5*l - 5 + 25 = 0. Let f(r) = -1 - l + 4 + r. Let s(a) = d(a) - f(a). Calculate s(-4).
2
Suppose -4*z + 20 = 4. Let p = -1 - z. Let b(j) = 7*j + 3 + 2 + 0*j**2 + j**2. Give b(p).
-5
Let g(y) = 3*y + 2. Suppose -24 = -32*l + 29*l. Calculate g(l).
26
Let a = -6 - -6. Let h(s) = -2*s - s + a - s + 3 + s**2. Determine h(5).
8
Let k(i) be the third derivative of i**3 + i**2 + 1/24*i**4 + 0 + 0*i. Suppose -6 = 2*l - 0*l. Calculate k(l).
3
Let w(z) = -z**3 + 6*z**2 + 2*z - 8. Let u be w(6). Let d(t) = 2 - t - 11 + 2*t + 6. What is d(u)?
1
Let v(w) = w**2 + 3*w + 3. Let y be v(-3). Let i be (1/2)/(y/24). Suppose -k + 0 = -i. Let s(q) = -q**3 + 4*q**2 + 2*q - 5. Calculate s(k).
3
Suppose -s + 5 = 4*s. Suppose t - 2 + s = 0. Let l(z) = -5. Let r(m) = m - 1. Let v(y) = l(y) - 5*r(y). Give v(t).
-5
Let t(d) = d**3 - 3*d**2 + d + 2. Let l be -2 - (3 - 1) - -3. Suppose 0 = 5*k - 1 - 4. Let b be (0 - l)/(k/3). What is t(b)?
5
Let v(a) = a + 10. Let f(m) = -5*m - 50. Let h(y) = 2*f(y) + 11*v(y). Determine h(0).
10
Let z(h) = -h**3 + h. Let f(i) = -5*i**3 - 7*i**2 + 12*i + 3. Suppose 3*l + 0 = 3. Let p(q) = l*f(q) - 6*z(q). What is p(6)?
3
Suppose l - 2 = 2. Let m(s) = -s - 2. Let i be m(-7). Suppose -l = 3*n + i. Let d(v) = v**2 + 2*v - 2. Give d(n).
1
Let c(d) be the third derivative of -d**5/60 + d**4/6 + d**3/6 - 5*d**2. What is c(4)?
1
Suppose 0 = -4*r + 5*w + 14, 0*w - 18 = -4*r + 3*w. Let c = r + 0. Let b = -8 + c. Let n(q) = 2*q**2 + q - 2. What is n(b)?
4
Let j(x) = -6*x - 8. Let w(p) = -p - 1. Let g(a) = -j(a) + 3*w(a). Calculate g(-4).
-7
Let t(p) be the first derivative of -1/2*p**2 + 2 - 1/4*p**4 + 2*p + p**3. Calculate t(2).
4
Let q(t) = -t**3 - 7*t**2 - 8*t - 7. Suppose -14 = 4*u + 10. What is q(u)?
5
Let j = 42 + -37. Let d(k) = -3 + 42*k - 37*k - k**2 + 0*k**2. Give d(j).
-3
Let m(d) = d**2 - 4*d + 2. Let p be 0/(1*(1 - 0)). Let j(t) = t**2 + 3*t - 4. Let b be j(2). Suppose p*n - 3*l = n - b, 0 = 3*n - l - 8. Calculate m(n).
-1
Suppose -10 = 3*q + 2*q. Let c(h) = -h. Give c(q).
2
Let i(a) = -a**3 - a**2 + 4*a - 3. Let f(j) = j**3 - 3*j**2 + j + 4. Let o be f(2). Determine i(o).
-7
Let y(g) be the first derivative of g**4/4 - 2*g**3 - g**2/2 + 5*g - 1. Let l be y(6). Let u(r) be the first derivative of r**2/2 - r + 24. Give u(l).
-2
Let t(n) be the third derivative of -n**6/120 + n**5/12 - n**4/8 + n**3/3 + 15*n**2. Let b(i) = 2*i + 2. Let a be b(-6). Let z = 14 + a. Calculate t(z).
6
Let k(d) = -2*d - 6. Let a = 0 + 1. Let b(o) = o - 1. Let h(v) = a*k(v) + 3*b(v). Determine h(5).
-4
Let d(m) = -2*m**3 + 2*m**2 + 2*m + 5. Let b(z) = -3*z**3 + 3*z**2 + 3*z + 10. Let s(r) = -3*b(r) + 5*d(r). What is s(0)?
-5
Let q(u) be the third derivative of u**6/120 + u**4/24 + 3*u**3/2 + 13*u**2. Give q(0).
9
Let x be 10/15*9/3. Let h(c) = -4*c + 2. What is h(x)?
-6
Let s(v) = -v**2 + v - 6. Let q be s(0). Let d(i) = i**3 + 5*i**2 - 7*i - 7. What is d(q)?
-1
Let c(s) = s + 1. Let p(k) = -k**2 + 2*k + 0*k - 3*k - 5. Let l be p(0). Give c(l).
-4
Let n be -8*((-33)/12 + 1). Suppose 2*s + 10 = -3*l, -2*s - l = -4*l - n. Let x(a) = 2*a + s - 2 - 7*a + a. Give x(2).
-9
Let d(n) be the second derivative of n**3/6 + 4*n. Calculate d(-4).
-4
Let t(d) = -5*d + 4. Let o(u) = 9*u - 8. Let v(w) = 6*o(w) + 11*t(w). Let k(b) = 4*b - 1. Let s be k(-1). Determine v(s).
1
Let k = 0 - -3. Let r(a) be the second derivative of a**3/2 - 3*a**2/2 + 4*a - 3. Give r(k).
6
Let f(k) be the first derivative of 2*k**2 - k - 11. Let v(z) = z**2 - 3*z + 2. Let c be v(2). Suppose c*j = -5*j - 5. Give f(j).
-5
Suppose -n + 2*n + 3 = 0. Let c be 8 - (n - 12/(-2)). Let p(x) = x**2 - 3*x - 5. Calculate p(c).
5
Let j(n) = -5*n + 1. Let m(a) = -a - 4. Let b be m(-5). Let o = 2 - b. Determine j(o).
-4
Let v(j) = -9*j. Let s(f) = -8*f. Let a(y) = 4*s(y) - 3*v(y). Determine a(-1).
5
Suppose 0 + 4 = -2*c. Let n(i) = 2*i**3 + 3*i**2 + 3*i - 4. Let w(h) = -h**3 - 2*h**2 - 2*h + 3. Let r(k) = c*n(k) - 3*w(k). What is r(-1)?
0
Let c(a) = a**2 + 2*a. Let f(t) = -t**2 - 13*t - 2. Let l be f(-13). Determine c(l).
0
Suppose 175 + 35 = 5*t. Suppose t = 4*d - 2. Let c(o) = -16*o + 20. Let b(x) = 3*x - 4. Let k(w) = d*b(w) + 2*c(w). Give k(0).
-4
Let h(c) = c**3 - 2*c**2 + 1. Suppose -2*r = -5*r - 27. Suppose -5*x = 5*t - 15, -3*x + 2*t + 4 = 4*t. Let w be 22/18 - x/r. Calculate h(w).
0
Let b be 8/192*2/2. Let c(a) be the third derivative of -b*a**4 + 0 - 1/120*a**6 + 1/20*a**5 - 1/6*a**3 + 0*a - 2*a**2. Determine c(3).
-4
Let h(b) be the second derivative of -b**4/12 - b**3/6 - b**2/2 + 2*b. What is h(0)?
-1
Let w(r) = 3*r - 3. Let q(a) = 2*a - 2. Let m(s) = -7*q(s) + 5*w(s). Let j(l) = -3*l + 10. Let x(h) = -j(h) - 4*m(h). Let c be 4/10 + (-54)/10. What is x(c)?
-1
Let k(w) = -1. Let v(b) = 2*b + 1. Let p(z) = -4*k(z) - 3*v(z). Give p(-1).
7
Let p(x) = -x - 1. Suppose -24 = 3*w - 0*w. Let i = -2 + -11. Let b = w - i. Determine p(b).
-6
Let l(r) = 3*r + 1. Let k(g) = g - 1. Let p(s) = k(s) + l(s). Suppose 5*x + 5*f - 21 = 4, 5*x - 2*f + 3 = 0. Determine p(x).
4
Let a(t) = -t**2 - 8*t - 5. Let s be ((-25)/(-10))/(2/(-4)). Calculate a(s).
10
Let i(f) = -70*f**2 + 142*f**2 - 73*f**2 - 6*f. Give i(-5).
5
Suppose 8*s - 7*s + 3 = 0. Let v(z) be the second derivative of z**3/6 - 3*z**2/2 - 2*z. Determine v(s).
-6
Suppose -4*t = 3*m - 7, -m + 3*m + 3 = 5*t. Let u(i) = -2*i**2 - 4*i - 2 - t - i**3 + 2*i + 4*i. Suppose -6 = 7*h - 5*h. What is u(h)?
0
Let w(k) be the first derivative of k**2/2 - 2*k + 34. Give w(3).
1
Let s(u) = 2*u**2 - 9*u + 4. Let w(n) = 15*n**2 - 63*n + 27. Let v(b) = -27*s(b) + 4*w(b). Let g(o) = 5*o**2 - 8*o. Let d(y) = -5*g(y) + 4*v(y). Give d(3).
3
Suppose 4*k = 2*k - 6. Let n(t) = t**3 + 169*t**2 + 3 + 5*t - 338*t**2 + 173*t**2. What is n(k)?
-3
Let s(j) = -10*j**2 + j. Let h be s(-1). Let t = h + 7. Let a(u) = -5 + 12*u - 3*u - 10*u. Determine a(t).
-1
Let k(b) = 2*b**2 - 17*b + 4. Let x(h) = -h**2 + 8*h - 2. Let i(a) = 3*k(a) + 7*x(a). Let n = -3 + 5. Suppose -5 = -q - n. What is i(q)?
4
Let r(a) = -2*a**3 + 2*a**2 + 2*a + 2. Let c(h) = h**2 + h + 1. Let o(d) = 5*c(d) - r(d). What is o(-2)?
-7
Let r(o) = 7*o**2 + 100*o + o**3 + 10 - 205*o + 97*o. Give r(-8).
10
Suppose 1 + 3 = x. Let r(h) = -2*h + x*h + 3 - 3*h. Let c be (2 + -1 + 2)*1. What is r(c)?
0
Let y(q) = q**2 - 7*q + 1. Let g be (-18)/(-15) - (-2)/(-10). Let j = 4 - g. Let z be 4 + j/((-9)/(-6)). What is y(z)?
-5
Let q(z) = 17*z**3 + z**2 + z. Suppose 1 = -2*g - 1. What is q(g)?
-17
Let y(h) = -4*h**3 + h**2 + 2*h + 1. Let b be (-2)/6*(2 + -2). Suppose 0 = -4*u + u + 6. Suppose -2*t = v, 2 = 2*t - b*t + u*v. What is y(t)?
4
Suppose -2*u = 3*u. Let c(l) be the third derivative of -l**6/120 + l**4/24 - 11*l**3/6 + 3*l**2 + 4*l. What is c(u)?
-11
Let t(h) be the first derivative of -h**4/4 + 2*h**3 - h**2 - 3*h - 20. Determine t(6).
-15
Let x(d) = 92 - d - 49 - 48. Determine x(-5).
0
Suppose 0 = 2*v + 2*v - 12. Let g(f) = -2 + 2*f + 0*f + 8 - v*f. Calculate g(6).
0
Let f(x) = x**3 + 12*x**2 + 11*x + 6. Let q be f(-11). Let g(i) = i**2 - i - 1. Let h(d) = -d**3 + 6*d**2 - 5*d - 7. Let r(t) = q*g(t) - h(t). Give r(-2).
-5
Suppose 3*g - 58 = 4*f, 0*g + 5*f - 129 = -4*g. Let w = 19 - g. Let s(x) = -x + 5. Calculate s(w).
12
Let v(i) = 2*i**2 + 5 - i**2 - 3*i - 3*i. Calculate v(6).
5
Let i(d) be the third derivative of -d**6/120 - 7*d**5/60 + 3*d**4/8 + 4*d**3/3 - 8*d**2. Calculate i(-8).
0
Let d(l) = 16*l - 3. Let a(y) = -5*y + 1. Let z(r) = 8*a(r) + 3*d(r). Calculate z(-1).
-9
Let a(l) = l - l - 6*l**3. Calculate a(-1).
6
Let a(o) = -7*o**3 + 7*o**2 - 2*o - 4. Let z(r) = -8*r**3 + 6*r**2 - 2*r - 3. Let g(u) = 4*a(u) - 5*z(u). Determine g(1).
11
Suppose -6*h = -2*h - 8. Let m(g) be the first derivative of g**h + 4/3*g**3 - g - 1. Calculate m(1).
5
Let g(f) = 5*f**2 - 21*f + 16. Let l(j) = j**2 - 5*j + 4. Let y(s) = -2*g(s) + 9*l(s). What is y(-3)?
4
Let j(z) = -8*z + 104 - 111 + 0*z**2 - z**2. Determine j(-6).
5
Let h(t) = 0*t**2 - 10 - t + 